- 2. Let x be c(-5). Suppose -2*b = -x*b + 61. What is the tens digit of b?
6
Let s = -8 - -12. Suppose 65 = s*y - 107. What is the tens digit of y?
4
Let s(y) = 8*y - 16. Let d be s(22). Let c = -91 + d. What is the units digit of c?
9
Let y be ((-61)/(-1))/(6/12). Suppose -p = -0 - 2. Suppose 5*n - p*s = -s + y, -4*s - 13 = -n. What is the units digit of n?
5
Let l(w) = 104*w**2 + 16*w + 73. What is the units digit of l(-4)?
3
Suppose -4*o - 3*z + 204 = 0, 4*o - 3*z - 200 = -5*z. Let n be (-22)/(-6) + (-6)/9. Suppose -m = 3*t - o, -5*t + 6*m + 66 = n*m. What is the units digit of t?
5
Let a be (0 + 36)*(14 + -8). Suppose -4*v + 7*v = a. What is the tens digit of v?
7
Suppose -c = -4*f + 6375, 3*f + c - 1567 - 3209 = 0. What is the tens digit of f?
9
What is the units digit of (-10)/65 + (-5 - (-26632)/52)?
7
Suppose 45*m - 72874 = -2539. What is the units digit of m?
3
What is the units digit of (794/(-3))/((-36)/54) + 3?
0
Let v be ((-84)/(-35))/(3/20). What is the units digit of (21/(-5))/(v/(-240))?
3
Let a be (-45)/105 + 2470/14. Let j = a - 87. What is the units digit of j?
9
Suppose 67550 = 27*o - 13612. What is the units digit of o?
6
Let n = 16 - 14. Suppose 3*k = n*k + 318. What is the units digit of k/36 + (-2)/(-12)?
9
Suppose 7*o - 79*o = -221616. What is the hundreds digit of o?
0
Let f(l) = l**3 - 19*l**2 + 12*l - 19. What is the tens digit of f(19)?
0
Suppose 45*f - 52*f + 9142 = 0. What is the units digit of f?
6
Suppose 3*u = 5*o + 11 - 8, 5*o = -2*u + 27. What is the tens digit of (-623)/(-14) + (3/u - -1)?
4
Suppose 0*f = -2*f - 14. Let q(c) = c + 10. Let n be q(f). Suppose n*g + g = 136. What is the tens digit of g?
3
Let m = -4850 - -7068. What is the thousands digit of m?
2
Let b be -6 + 11 - 3*1. Suppose -4*s + 11 = -y, 4*y + b*s + s + 25 = 0. Let c(h) = -h**2 - 7*h + 5. What is the units digit of c(y)?
5
What is the hundreds digit of (-1)/(-7) + 18765/63?
2
Let v(x) = x**2 - 2*x + 2144. What is the tens digit of v(0)?
4
Suppose -106*j + 91*j + 16155 = 0. What is the hundreds digit of j?
0
What is the units digit of 2/((112/(-3171))/(-8))?
3
Let l be 40/(-70) + (-64)/(-14). Suppose 3*g + 12 = g - l*v, 3*g = -4*v - 10. What is the units digit of g?
2
Suppose n - 23 = 3*j, -j - 4*n + 9 = -n. What is the units digit of (-1)/j + 238/12?
0
Let m = 56 - 25. Suppose t + 102 = 5*h, 2*h - t = 8 + m. What is the tens digit of h?
2
Let r(w) = 5*w + 6. Let c be (-9)/((-5)/(20/(-6))). Let d(x) = -x**2 - 6*x + 8. Let h be d(c). What is the units digit of r(h)?
6
Suppose -u - 23 = 30. Let i = 76 + u. What is the tens digit of i?
2
Suppose 3*j + 10 = -5*v + j, 7 = 2*v + 3*j. Let f(n) = 7*n - 9. Let s(g) = -g + 1. Let b(l) = -f(l) - 6*s(l). What is the units digit of b(v)?
7
Let j(c) = 3*c**2 - 3*c + 7. Let z = -9 + 13. Let s be j(z). Suppose 5*v - 60 = -n + 51, -2*v + n + s = 0. What is the tens digit of v?
2
Let m = 965 - 920. What is the units digit of m?
5
Let i = -51 + 36. Suppose 0 = -5*k - 26 + 141. Let v = k - i. What is the units digit of v?
8
Let g(i) = -i**2 - 4*i. Let r be g(-3). Let a = 168 + -114. Suppose 0*w + r*w = a. What is the units digit of w?
8
Let q = -23 - -23. Suppose 35 = 7*f - q. Suppose -f*d + 125 = -115. What is the tens digit of d?
4
Let s(m) = 81*m - 89. What is the hundreds digit of s(36)?
8
Let r be 267/(-2)*6/(-9). Let l = r - 135. Let k = 64 + l. What is the tens digit of k?
1
Let b = -471 - -818. What is the tens digit of b?
4
Let q(h) = h**2 + 6*h - 14. Let p be q(-8). What is the hundreds digit of 140/12*(p - -19)?
2
Suppose 1747 = 7*n - 3020. What is the hundreds digit of n?
6
What is the units digit of (32/56)/(4/2086)?
8
Suppose 2*m + 4*u = 62, 31 + 86 = 4*m + u. Suppose 2*g - 31 = m. What is the tens digit of g?
3
Let o(i) = 22*i**2 + 2*i - 6. What is the tens digit of o(-5)?
3
Let f = 8 - 3. Suppose -f*l = 29 - 144. What is the tens digit of l?
2
What is the hundreds digit of ((-22)/6)/(3*5/(-14130))?
4
Let z(q) = 14*q + 1517. What is the hundreds digit of z(0)?
5
Let j(r) = 3*r**3 - 8*r**2 + 6*r - 5. Let q be j(4). Suppose 3*h = 5*s - 3*s - q, 0 = -3*s + 5*h + 122. What is the tens digit of s?
4
Let f = 5 + -78. Suppose -5*c - l = -532, -4*l - 2 + 10 = 0. Let m = f + c. What is the tens digit of m?
3
What is the units digit of 11/(77/35) + 1687?
2
Let t be (876/36)/(10/(-6) - -2). Suppose 0 = -4*i - 69 + t. What is the units digit of i?
1
Suppose 2*y - 6*y - 172 = 0. Let i = 18 - y. What is the units digit of i?
1
Suppose -3*n + 2 = -7. Let s be 2 + 23 + -6 + 3. Suppose -n*h + 5 = -s. What is the units digit of h?
9
Let z(j) = -6*j + 4. Suppose -3 = 5*g + 47. Let a be z(g). Let h = -39 + a. What is the units digit of h?
5
Suppose 0 = 4*b - 878 - 186. Let h = -149 + b. What is the hundreds digit of h?
1
Let h(a) = a**3 + 2*a**2 - 4*a - 3. Let r be h(-3). Suppose r = 2*o + 2*o - 232. What is the tens digit of o?
5
Let z = 866 - 457. What is the tens digit of z?
0
Suppose -o - 4*o + 10874 = 3*b, 0 = -4*b - 8. What is the units digit of o?
6
What is the thousands digit of (-1 + (-2)/(-3))/(41/(-157317))?
1
Let c be (312 - -2) + (-3 - (-5 + 3)). Suppose 9*z - c = 218. What is the tens digit of z?
5
Let k(c) = -c**2 + 2*c - 13. Let n be k(5). Let z = n - -75. What is the tens digit of z?
4
Suppose 5*n = -5*c + 8420, 2*c + 10*n - 6*n = 3366. What is the tens digit of c?
8
Let i(k) = 5*k**2 - 2*k. Let v be i(1). Suppose -l = -v*l + 16. Suppose -178 = -l*g + 54. What is the units digit of g?
9
Let j(q) = 2*q**3 + 3*q**2 - 6*q - 2. Let t be j(5). Suppose 2*g - 2*y - 122 - 156 = 0, 2*g + y = t. What is the hundreds digit of g?
1
Let f(d) = 45*d + 54. Let w(p) = -p - 1. Let j(l) = -f(l) - 54*w(l). What is the units digit of j(5)?
5
Let f(u) = -2*u + 6 + 8 - 3 - u**2 - 5. Let h be f(-7). Let p = h + 61. What is the tens digit of p?
3
What is the hundreds digit of (2 + 10)/((75/2290)/5)?
8
Let z(l) = 5*l**2 + 4*l - 7. Suppose 0 = 3*y + 67 - 46. What is the hundreds digit of z(y)?
2
Let m = 13 - 10. Let i(f) = -f**3 + 5*f**2 + 3*f - 7. What is the tens digit of i(m)?
2
Let y be (-27)/2 - (-5)/(-10). Let q be y/(-42) + (-16)/(-6). What is the units digit of (-4)/(-24)*10*q?
5
Let a = -213 - -217. What is the units digit of a?
4
Suppose -9 = -3*x, 0 = -4*a + 3*a + x + 515. What is the tens digit of a?
1
Let k = -113 + 479. What is the units digit of k?
6
Suppose 16352 - 51020 = -27*y. What is the hundreds digit of y?
2
What is the thousands digit of 8 + (-86)/11 - 13660/(-11)?
1
Suppose 5*q = -3*j + 91, -2*j - 2*j = q - 25. Let g = q - 14. Suppose -53 = -3*f + 6*n - n, -g*f = -4*n - 52. What is the units digit of f?
6
Suppose 3*q = -0*q + 828. Suppose -549 - q = -11*r. What is the units digit of r?
5
Suppose 3*y - 27 = -3*k, 2*k + 5*y = 28 - 7. Suppose k*b = 5*b - 6. What is the units digit of -17*((-9)/3 - b)?
7
Suppose u - 1 = x, -3 = -5*x + 7. Let i be 0 + 5 - (-2 + u). Suppose -t + 100 + 39 = 5*k, i*k - 104 = t. What is the tens digit of k?
2
Let g = 29 + 98. What is the units digit of g?
7
What is the tens digit of 10/8 + (3910/40 - -1)?
0
Suppose -5*t - 612 = -2*l + 269, l - 4*t - 433 = 0. What is the tens digit of l?
5
Suppose 0 = -3*n - 2*k + 16, 2*k - 3 = n + k. What is the units digit of (-119*(n + -1 + -2))/1?
9
Suppose 2*d + 4*o - 558 = 446, 1514 = 3*d - 2*o. What is the units digit of d?
4
Suppose 16*z + 462 = 17*z + 4*b, 3*z - 1365 = -5*b. What is the tens digit of z?
5
Suppose 72*g = 62*g + 5710. What is the hundreds digit of g?
5
Suppose 0 = -4*c - 1 + 13. Suppose -4*y + 3*m + 2*m + 247 = 0, 0 = -c*y - 5*m + 194. What is the tens digit of y?
6
Suppose 4*l = l. What is the units digit of 62 + (3 - (-1 + l))?
6
Suppose 2*p - 7065 = -5*l, 2*l = 2*p + 2*p + 2850. What is the tens digit of l?
1
Suppose 146 = -3*r + 542. Suppose 5*l = l + r. Let k = 63 - l. What is the units digit of k?
0
Let l(b) = 4*b + 10. Let d be l(11). Suppose p + 1 = d. Suppose -p = -2*q + 7. What is the tens digit of q?
3
Let m = 555 - -126. What is the tens digit of m?
8
Let g(o) = -o - 6. Suppose -3*z = -4*z - 4*i + 10, 2*z = -5*i + 8. Let p be g(z). Suppose p = -5*a + 84 + 171. What is the tens digit of a?
5
Suppose 2*j - 5*n = 169, 0*j + 2*n - 350 = -4*j. Let l = j - 62. Let m = l - -6. What is the units digit of m?
